2
Calculate -30 - ((-7 - 0 - -8) + 10 - 8).
-33
130 - (135 - (109 - 18))
86
What is the value of (-45 - 1) + 46 + -31?
-31
Calculate 12 + 0 + -15 + 3 - -20.
20
What is the value of -10 - 0 - (-26 - -43 - 20) - (-57 - -1)?
49
What is the value of (-32 - (-98 - -36) - -8) + 82?
120
Evaluate -44 + 1 + 4 + (678 - 696).
-57
What is 47 + (-39 - -37) - (-4 + 6)?
43
What is -9 - (-8 - (5 + -15) - 5) - (7 + -56)?
43
(-4 - (1 + -76)) + 1 + (34 - (-30 + 69))
67
What is 25 + (-27 - (-44 - -20)) + -43?
-21
Evaluate (-13 - -5) + -639 + 592.
-55
-1 + -3 - ((-50 + 23 - -16) + (4 - -20))
-17
What is the value of 3519 + -3466 + (3 - 2) + -12?
42
What is -16 + -15 - (-62 + (-5 - 28))?
64
What is -47 - (-6 + (-17 + (5 - -1) - -7 - -1))?
-38
-3 + 2 + -90 + 122
31
What is the value of 112 - (-6 + (-5 - (-15 + -1))) - -18?
125
What is the value of 7 + 33 + -8 + -37 - (-21 - -1)?
15
Calculate (5 + -17 - -12) + (-9 - 1) + -11 + 2.
-19
What is -1069 + 1094 + 1 + -1 + 19?
44
9 - -10 - (42 - 23) - (1 + -3 + -19)
21
Calculate -28 - (40 + (22 - 53)).
-37
39 - (61 - (91 + -57))
12
What is -12 - 1 - ((-25 - (13 + -12)) + -3)?
16
(2 - 0) + (-30 - (-2 + 4))
-30
What is the value of (21 - (-20 + 43)) + -65?
-67
What is -1 + 69 - (-1 - 25 - 2 - (-502 + 485))?
79
1 + 8 + (-90 - -43) + 81
43
What is the value of -27 + 115 + 62 + -100?
50
Calculate 4 - ((2 - 61) + -131 + 143 + (3 - 11)).
59
What is (-49 - -9 - -20 - -44) + -60?
-36
What is the value of 6 - 10 - (-2 + (-4 - -11 - 8) + -7)?
6
Calculate 0 + 20 + (-11 - -7) - 12 - 23.
-19
What is (-2 - -24) + (105 - 77 - 62)?
-12
(33 - 21 - 38) + 1 + -16
-41
(-5 - (-53 + 92)) + 88
44
What is the value of 10 + 1 + (3 + -5 - -54 - -2) + 8?
73
Evaluate -6 - ((-24 - -12) + 3) - (12 + -8).
-1
What is the value of 39 - ((11 + 3 + -2 - 3) + -2)?
32
Evaluate (-42 - (67 - 162)) + 7.
60
What is (-1358 - -1370) + -1 + 1 + -3?
9
What is (-1 - -2) + -8 + (42 - 60) + -4?
-29
Calculate -13 + 61 + -26 - (2 + 9).
11
What is -24 + 3 + 104 + -40?
43
28 + 16 - 8 - 7
29
Evaluate -22 + (4 - (12 - 25 - -3)) - -21.
13
Calculate 47 + (-24 - (-33 + 4 + 12) - -19).
59
Evaluate 1 - -34 - (1587 + -1601).
49
What is 1668 + -1657 - (-4 - 0) - (-2 + 95)?
-78
1597 - 1563 - (67 + 8)
-41
What is the value of -1 - 4 - (7 - (6 - 13))?
-19
What is -604 - -607 - (-1 - (3 + -11)) - 18?
-22
Calculate (2 - 0) + 6045 + -6049.
-2
(-6 - (12 + -1)) + (133 - 9 - 46)
61
What is -12 + 19 + -13 + (39 - -2 - -12)?
47
What is the value of -112 - (-13 - 142 - -78)?
-35
(13 + 2 - (21 + -11) - 3) + 21
23
What is 3 + -9 + 5 + (10 - 13) + (-2 - -87)?
81
Evaluate 4 + (17 - 49) + 49.
21
What is the value of -7 + 25 - (1 + 16) - -54?
55
What is -25 - (-13 - (30 - 63 - -14))?
-31
What is the value of -9 - -2 - ((-7 - 1) + 13 + (-9 - -4))?
-7
What is -10 + -18 + 18 + -11 + (9 - -4)?
-8
Calculate (-47 - -12) + 46 + -5.
6
What is the value of -2 + 14 + (-96 - (-70 - -14))?
-28
Evaluate 63 + (-14 + -16 - -26 - (8 - -11)).
40
8 + (10 + -10 - 18 - -16) + (12 - -1)
19
Calculate (47 + 8 - (53 + -4)) + (-55 - 1).
-50
What is 108 - -1 - (11 + 18 + (-11 - 16)) - -9?
116
Calculate 83 + -228 + (46 - -104).
5
Evaluate -3 + 5 + (11 - (-4 - 19)) + -13.
23
What is -97 + (86 - 25 - -49)?
13
What is 35 - (8 + -2) - (40 + -11 - 20)?
20
What is the value of 10 + 0 - ((-156 - -180) + (4 - 1) + -19)?
2
Evaluate -123 + 5 + (-68 - -120).
-66
Evaluate 36 + -22 - (-33 + (-17 - -29)).
35
Calculate 0 - 32 - (36 + (-16 - 24) + 4 + 1).
-33
Calculate -41 + 127 + -85 + (-1 - 81 - 0) + 2.
-79
Calculate -49 + 7 + (171 - 161).
-32
-160 - (-248 + -69 + 84)
73
Calculate (-65 + 117 - 41) + 3 + -33 + 4.
-15
10 + (0 - (3 + -2 + -8)) + -2217 + 2150
-50
What is the value of 101 - ((16 - (-8 - -20)) + 3 + 5)?
89
What is the value of (1 - (7 - 5)) + -44 + -15 + 10 + 7?
-43
14 + (49 - 53) + -55
-45
What is -43 + 18 + -17 + 30 - (-108 - -5 - 2)?
93
(24 + -23 - -24) + (-58 - 17)
-50
Calculate 31 - ((-5 - -9) + 17 - 32).
42
Evaluate (4 + -12 - (-290 + 384)) + -4 + 18.
-88
Calculate 3 + 1 - 0 - 2 - (-550 - -510).
42
What is the value of 14 + (1 - 2 - 0) - (-57 + 68) - 36?
-34
Evaluate -8 + 5 + 13 - (-22 - (-51 + -1)).
-20
Evaluate 155 + -38 - (-306 + 508).
-85
What is the value of (122 - 110 - -4) + 25 + 1?
42
(-11 - (21 + -31 + -17)) + (0 + -1 - -9)
24
What is (30 - 3) + -2 + 6 + -1 + (-2 - -1)?
29
Evaluate (0 - 16) + 3649 + -3619 + (-2 - 78 - -2).
-64
-138 - (-112 + 86 + -88)
-24
127 + 27 - 107 - ((3 - -14) + 0)
30
Evaluate -5604 + 5636 - (-2 - -2 - 77).
109
What is the value of 4 + (39 - 7) - 19 - -24?
41
(9 + 6 + 33 - 1) + 13 + -3
57
What is the value of -12 - -1 - (-4 - (7 - 12 - -4))?
-8
What is the value of (0 - 41) + (2866 - 2916)?
-91
(96 - (214 - 109)) + 1 + 0 + 54
46
219 + -242 + 111 - 46
42
50 - (82 - (-4 + 73))
37
What is (4 - (-19 + (15 - 13))) + 22?
43
(0 - -8) + (-11 + 16 + 5 - 17) + -4
-3
Evaluate 113 - (-69 + (-73 - -109)).
146
What is the value of (4 - (1 - -4)) + 7 + 4 + (-28 - 2)?
-20
Calculate -58 + 47 - (11 + 42 + -9).
-55
Evaluate 4 + (13 - (12 - (27 + -11 - -31))).
52
What is the value of 18 + -11 + 12 - (-12 - (3 + -2))?
32
Evaluate (-3 - -4 - -17) + (-46 - 44 - -4).
-68
-14 - (-418 - -356 - (3 + -7 + -1))
43
What is the value of -10 - (-48 - (-105 - -55))?
-12
Calculate 75 + -68 + -14 + (-52 - 1).
-60
Evaluate -62 - -63 - ((0 - (-5 + 3)) + -12) - -54.
65
What is the value of (30 - 71) + 17 + 18 - -54?
48
Calculate (71 - 133) + -5 - (-14 - 1).
-52
166 + -2 - (-7232 - -7306)
90
Calculate -17 - (138 + -18 - 93).
-44
What is the value of -56 + (48 - 33) + 3 + 1?
-37
What is -68 + (16 + 57 - 46)?
-41
What is the value of (11 - 18) + -55 + 47?
-15
Evaluate -5 - ((-5 - -4) + (-6 - (-5 - 16))).
-19
What is the value of -216 + 192 + 1 + -3 + 2?
-24
What is -8 - -18 - 1 - -4 - (35 - 12)?
-10
What is 1978 - 2026 - (-7 + 2)?
-43
Evaluate 1 + 2 + -3 + 0 + 41.
41
Calculate (19 - -29 - -8) + -19.
37
What is 9 + 61 - (-425 + 441)?
54
Evaluate -1 + (9 - 0 - -1) + -3 - 18.
-12
What is the value of (70 - 25) + -48 - (1 - 30)?
26
Calculate -6 + (-17 - (-22 + -30)).
29
What is -30 + (7 - -32) - -23?
32
Calculate -59 - (30 + (14 - 50) - (7 - 1)).
-47
Evaluate 24 + 1 + -27 + -1316 + 1329.
11
Calculate (34 + -40 + 4 + 4 + -10 - -8) + -2.
-2
What is the value of (-19 + -9 - 9) + -1 + -16?
-54
(-24 - ((1 - -15) + -44)) + (1 - 11)
-6
Calculate -6433 + 6602 + -74 + 4.
99
Evaluate -6 - -66 - -9 - 142.
-73
(213 - 238) + -31 + (-6 - 0)
-62
What is the value of 11 + 40 + (-300 - -324)?
75
Evaluate 29 + -4 - (-130 + 165).
-10
-4 - 19 - (-297 + 262)
12
What is the value of -10 - (-18 + 18 - -42) - (10 - -2)?
-64
Evaluate -25 + (30 - 14) + (-69 - -21).
-57
6 + (23 + -3 - (-9 + -7) - 12)
30
Evaluate 45 + -114 + -1 + (-12 - -6).
-76
Evaluate 10 - (-5 + (9 - -80)).
-74
Calculate 0 + -17 - -1 - (34 + 11 + -47).
-14
What is the value of -8 - ((4 - 14) + -17 - 18)?
37
What is 4 + 31 - (-27 + 21)?
41
What is the value of -10 + 10 + -7 + 4 - -29?
26
What is 71 - -15 - 205 - -125?
6
What is the value of 5 + 14 + -3 - (-2 - 9)?
27
What is the value of (36 - 41) + (1 - (-10 - -3)) + (-1 - -1)?
3
Calculate -7 - (63 + (-89 - 1)).
20
-18 + (-23 - ((-5 - -25) + -18))
-43
Calculate -30 + 78 + -8 + 24 + 5.
69
Evaluate (9 - -1) + 16 + (193 - 178 - (3 + -2)).
40
5 + -6 + 9 - (-8 + 5 + 7)
4
What is the value of -11 + (45 - (259 - 252 - (1 + 10 - 1)))?
37
Evaluate 164 + -173 + (3 - (-6 - (-55 - (3 + -4)))).
-54
Evaluate -108 + 67 - -49 - (1 + 24).
-17
What is the value of -29 - (15 - (-21 + 16))?
-49
9 + 9 + (10 - 10 - 12) + 25 + 8
39
What is the value of (-1 - 1) + (-36 - 18) - (60 + -29 + -28)?
-59
What is the value of 74 + -32 + -41 + -48?
-47
-35 - (-85 - -44 - 1)
7
Evaluate (-24 - -22 - -4 - (-6 - -30)) + 24.
2
(10 - 5) + (-11 - (17 - 4))
-19
(133 - -2) + (-436 - -412) + -29
82
Evaluate (18 - (71 - 31)) + 10.
-12
Evaluate 8 - (2 + 6 + (417 - 446)).
29
Evaluate 27 - (56 + (24 - 40) + -1).
-12
4 - (1 - -3 - (5 + 1 - 13))
-7
What is -20 + (1 - 5) + (63 - 53) + 9?
-5
What is 29 + (-15 + -52 - (-5 + 2))?
-35
What is -1 - (-4 + (-1 - 0 - 2)) - (432 - 451)?
25
What is 20 - (60 + 15 + (-13 - 8))?
-34
What is 32 + 45 + -187 - -65?
-45
What is the value of -204 + 74 + 18 - -54?
-58
95 - (87 - (-177 + 24))
-145
Evaluate -9 + 12 - (-75 - (-3 - 6) - -11 - -2).
56
Calculate -2